et j(h) = -h**3 + 37*h**2 - 104*h + 66. Let w be j(34). Let x(z) = 9*z**3 + 5*z**2 + 3*z - 1. Calculate x(w).
-59
Suppose 2 = j, -j + 1877 = 3*b - 6*b. Let t = 623 + b. Let v(n) = n**2 + 1. Determine v(t).
5
Let k(l) = -l**2 - 4*l + 25. Suppose 0 = 2*s - 5*j - 14, -j - 8 = 3*j. Suppose 2 = -s*w + 10. Let x be k(w). Let b(o) = 4*o + 3. Calculate b(x).
-25
Let q(x) = -x - 3. Let v be q(-3). Let n(r) = -r + 8 - 4*r - 5*r**2 - 2*r**2 - r**3 + v*r**2. Suppose 27*c = 30*c + 2*j + 18, 4*c + 5*j = -24. Calculate n(c).
2
Let o(q) = 90*q - 32. Let w(g) = 49*g - 16. Let l(x) = -6*o(x) + 11*w(x). Let v be 10/(-35) - (-186)/14. Give l(v).
3
Let t = 178 + -460. Let l = 284 + t. Let m(d) = 2*d**2 - 2*d + 2. Calculate m(l).
6
Let f(n) be the first derivative of 5*n**2/2 + 18*n + 1185. Determine f(8).
58
Let s(j) be the second derivative of j**4/12 + 4*j**3/3 - 9*j**2/2 + j + 43. Determine s(-7).
-16
Let j(h) = 19*h**3 + h**2 - 22*h - 4. Let m(s) = 33*s**3 + 4*s**2 - 43*s - 8. Let b(w) = 7*j(w) - 4*m(w). Calculate b(5).
-6
Let f(u) be the third derivative of -u**6/120 - 7*u**5/30 - u**4/2 + 19*u**3/6 + 240*u**2. Determine f(-13).
6
Suppose -16*q + 10 = -11*q, -3*v = 3*q - 24. Let o(b) be the third derivative of -b**5/60 + b**4/3 - 5*b**3/6 + 56*b**2. What is o(v)?
7
Let d = -7728 + 7730. Let j(t) = 3*t**3 - 3*t**2 + 17*t - 34. Give j(d).
12
Let g(c) = c**3 - 3*c**2 - 23*c + 17. Let q = 398 + -392. Give g(q).
-13
Suppose 5*n + 25 = 2*i + i, -3*n = 3*i + 15. Let q(s) = -6*s + 28. Determine q(i).
28
Let c(h) = 22*h - 131 + 14*h - 37*h + 12 + 7*h. Give c(20).
1
Let f(c) = c**3 - 6*c**2 - c + 10. Suppose -4*w = -12, 5*h + w = 30 + 3. Let o be h - (49/(-147) - 1/(-3)). What is f(o)?
4
Let s be (-64)/(-24)*-2*6/(-8). Let l(i) = 1. Let m(g) = g - 4. Let o(w) = 3*l(w) + m(w). Calculate o(s).
3
Let s(t) = -t**3 + 4*t**2 - 50*t + 271. Suppose -49*n - 405 = -77*n - 53*n. Give s(n).
-4
Let h(t) = t**2 - 24*t + 117. Let j be h(17). Let g(s) = s**3 + s**2 + s + 1. Let m(l) = -6*l**3 - 4*l**2 - 4*l - 7. Let p(q) = 5*g(q) + m(q). Calculate p(j).
8
Let x(w) = w**2 - 171*w + 3046. Let z(t) = -34*t + 560. Let m(g) = -2*x(g) + 11*z(g). Determine m(2).
-4
Let r(k) = k - 10. Let i be r(5). Let g(t) = 4*t - 287. Let f(u) = -9*u + 667. Let w(c) = 3*f(c) + 7*g(c). What is w(i)?
-13
Let m = 26644 + -26650. Let n(x) = -x**2 + 18*x + 150. Give n(m).
6
Let n be (2/15*3)/((-3)/(-30)). Let o = 2 + 0. Suppose 4*g - 4*p + n = 0, -3*g - 24 = o*p + 2*p. Let a(m) = m**2 + 5*m + 3. Determine a(g).
-1
Let w(u) = -26*u**2 + 1. Let p be w(-1). Let o = p + 27. Let r(z) be the second derivative of z**3/2 - z**2/2 + 31*z. Calculate r(o).
5
Let s(g) = -4*g + 42. Suppose -50*x + 131 + 310 = 291. What is s(x)?
30
Let x(z) = 5*z**2 + 5*z - 1. Let s(n) = -6*n**2 - 5*n + 1. Let q(d) = -4*s(d) - 5*x(d). Let u(i) = 9*i + 50. Let a be u(-6). Calculate q(a).
5
Suppose 4704*h - 4713*h - 99 = 0. Let f(k) = -5*k - 61. Calculate f(h).
-6
Let p(o) = -31201*o + 31203*o - o**2 - 2*o**2. Let z(a) = 59*a + 298. Let l be z(-5). Give p(l).
-21
Let g = 834 + -830. Let j(x) = -2*x**2 + 5*x - 10. Calculate j(g).
-22
Suppose z + 2 = 1. Suppose -4*r - 36 = 4*b, 6 = -2*b - 2*b + 2*r. Let t(h) = 31*h - 5. Let i(v) = 16*v - 3. Let a(u) = b*t(u) + 7*i(u). Give a(z).
11
Let j(d) = 3*d - 2. Let w be 99/22*(-4)/(-9). Suppose v = -5, -w*z - 9 = v + 2. Determine j(z).
-11
Let r be (10 - 28)/(-1*(-10)/2 - 8). Let p(l) = l**3 - 4 + 16 + 4*l + 0*l**2 - 7*l**2. Give p(r).
0
Let i = 428 + -424. Let n(r) = 3422 - 6841 + i*r + 3433. Give n(-7).
-14
Suppose -44*f = 64 - 636. Let x(g) = 0 + f + 3*g - 3 + 0*g - 3. Let l = -11 + 6. Determine x(l).
-8
Suppose -3*w = 0, 4*u = -10*w + 5*w + 92. Let k = 11 - u. Let s(h) = -h**3 - 12*h**2 + 3. Let v be s(k). Let m(l) = -4*l. Determine m(v).
-12
Let u = -265 + 260. Let g(f) be the second derivative of -f**5/20 - 5*f**4/12 + f**2 + f + 8. Give g(u).
2
Suppose 708*q + 3*n + 33 = 705*q, 3*n + 21 = q. Let x(k) = 33*k + 18. Determine x(q).
-81
Suppose 7*a = -144 + 165. Let d = -467 + 1212. Let n(l) = -2 - 743*l**a + d*l**3 + 3*l**2 + 1. What is n(-2)?
-5
Suppose -4*j + 2*u = 18, -j - u + 0 = 9. Let y be (4/8)/(3/12). Let s(v) = 2 - v**y - 10 + 5*v + 2*v**2. Determine s(j).
-2
Let n(h) = -h**2 + 4*h + 6. Let m be 0 - 1/1*4. Suppose -j - 2 + 2 = 0. Let b be 1 - (j + 0 + m). Give n(b).
1
Let l(a) = a**2 + 6*a - 23. Let y be l(-9). Suppose y*i = -2*i. Let d(g) = 6 - 4*g + g**2 + 4 + i*g**2 - 11. Give d(5).
4
Let h(w) = -8*w + 70. Let o = 674 + -664. Determine h(o).
-10
Let k(h) = -h**3 + 12*h**2 - 9. Let s be (-34 - -2)/4 + 160/8. Give k(s).
-9
Let v(w) = -w**2 + w + 12. Let c be (-2 - 1)/(-3)*(7 - 7). Suppose c = -3*o - 0*o. What is v(o)?
12
Let m(d) = d**2 - 2*d + 1. Let t be m(1). Suppose -991*l - 8 = -999*l. Let b(w) = -9*w**2 + 2*w - 13*w**2 - l + 8*w**2 + t. Determine b(1).
-13
Let a(s) be the second derivative of -s**6/90 + s**5/120 - 18*s**3 + 52*s. Let k(c) be the second derivative of a(c). Calculate k(2).
-14
Let k(s) = -5*s**3 - s**2 - 2*s - 1. Let p(d) = -2*d - 21 + 21. Let y be p(6). Let f(n) = n**2 + 11*n - 13. Let m be f(y). Give k(m).
5
Let r be ((16/(-10))/(6/30))/(-2). Suppose -4*q = r*x - 40, 2*q + 5 = 3*x - 0. Let v(t) = 3*t - 18. Let h(a) = 2*a - 12. Let z(y) = q*v(y) - 8*h(y). Give z(-7).
13
Let s(v) be the second derivative of 4/3*v**3 + 2 + 1/2*v**2 + 77*v. What is s(2)?
17
Let z(y) = 633 - y**2 + 11*y - 4*y + 0*y**2 - 633. Calculate z(3).
12
Let c(u) be the third derivative of -u**4/24 + 7*u**3/6 + 17*u**2. Let x(p) = -30*p**2 + p - 1. Let v be x(-1). Let n be (5/3 - 0)*(v + 35). Determine c(n).
2
Suppose -5*a - 66 - 44 = 0. Let f be 22/(-4)*8/a. Suppose 6*s + 44 = f*s. Let d(l) = 2*l + 16. What is d(s)?
-6
Let g(x) = -22*x + 12. Let w(n) = 21*n - 19. Let l(c) = -3*g(c) - 2*w(c). Give l(2).
50
Let k(o) = 3*o**3 - 7*o**2 + 8 - 4*o**3 + 2*o**3 + 6*o. Suppose 9*s + 4*s + 2080 = 2158. Give k(s).
8
Let r = 374 + -377. Let s(n) be the third derivative of n**4/24 + n**3/2 + 27*n**2. Determine s(r).
0
Let r(j) = -j**2 + 2*j + 4. Let d(x) = x**2 + 4*x. Let l be d(-4). Suppose l = h + h - 192. Let z be (h/(-60))/(2/(-5)). Give r(z).
-4
Let t(f) = -2*f - 7. Suppose -r + 14*h = 13*h + 268, 0 = 4*r - h + 1057. Let w = r - -258. What is t(w)?
3
Let n(f) be the first derivative of -1/3*f**3 - 15*f - 32 + 11/2*f**2. Give n(11).
-15
Let w(p) = 45 + 33 + 2*p**2 - 74 + 14*p. Give w(-6).
-8
Let c(s) = -s**2 - 7*s - 11. Let i be c(-5). Let a(w) = -9*w**2 + 10*w + 7. Let n(j) = -2*j**2 - j - 1. Let b(g) = i*a(g) + 5*n(g). Give b(-15).
-12
Let o(f) = 5*f + 2. Let r(d) = -14*d - 5. Let m(v) = -v**2 + 2*v + 5. Let n be m(4). Let x = 428 - 436. Let t(k) = n*r(k) + x*o(k). Determine t(-2).
-5
Let i(b) = -b**2 - 37*b + 329. Let r be i(-44). Let a(p) be the first derivative of 1/3*p**3 - 9*p - r - 1/2*p**2. What is a(0)?
-9
Let z(g) be the second derivative of 3*g**5/20 - 55*g**4/12 + 3*g**3 + 2*g**2 + 4180*g. Calculate z(18).
4
Let a(y) = 6*y + 87. Let z = 176 - 190. Let i be a(z). Let v(s) = -3*s**2 + 5*s - 2. Give v(i).
-14
Let d be -6*((-65)/(-15) - 2/6). Let b = 33 + d. Suppose 2*q + q - b = 0, 5*n - 26 = 3*q. Let p(r) = -r**2 + 4*r + 10. Calculate p(n).
-11
Suppose -5*s - 5*k + 1 = -259, -2*k = 3*s - 158. Suppose s*j = 51*j - 6. Let r(q) = 2*q**3 + 4*q**2 + 3*q. Determine r(j).
-6
Let c = 1 + -2. Let q(i) be the second derivative of 138*i - 7/12*i**4 + 1/6*i**3 + 1/2*i**2 + 0. Give q(c).
-7
Let r(v) = v**3 + 12*v**2 - 12*v - 3. Let n be -12 - -12*15/(-180). Give r(n).
-16
Let q(j) = 406 - 418 + j**2 - 13*j + 20*j. Suppose -4*d = -i - 5*d - 13, 5*d = -3*i - 47. What is q(i)?
6
Suppose 0 = 2*q - 5*c + 847, 5*q + 11*c = 6*c - 2170. Let i = q + 423. Let p(u) = -7*u + 0 + 1 + 3 - u**2. What is p(i)?
-4
Let s(y) be the first derivative of -y**3/2 + 11*y**2/2 - 56*y + 131. Let f(o) be the first derivative of s(o). What is f(8)?
-13
Suppose -4 = 8*u - 36. Let g(a) = -u*a + 3*a + 2*a + a. Suppose 0 = y - 3 + 4. Calculate g(y).
-2
Let t(i) be the first derivative of 4*i**3/3 - i**2 + 13*i - 2766. Calculate t(5).
103
Let c(k) = -10*k**2 - 20*k - 32. Let v(y) = -5*y**2 - 10*y - 15. Let o(j) = 2*c(j) - 5*v(j). Calculate o(-1).
6
Let g(h) = -2*h**2 + 3*h - 5. Let t(q) = -8*q**2 + 8*q - 19. Let r(x) = 22*g(x) - 6*t(x). C